{"id":108,"date":"2018-06-24T16:01:56","date_gmt":"2018-06-24T16:01:56","guid":{"rendered":"http:\/\/jgv-kripp.de\/?page_id=108"},"modified":"2019-01-09T08:27:53","modified_gmt":"2019-01-09T08:27:53","slug":"faehndelschwenken","status":"publish","type":"page","link":"https:\/\/jgv-kripp.de\/?page_id=108","title":{"rendered":"F\u00e4hndelschwenken"},"content":{"rendered":"<h1>F\u00e4hndelschwenken<\/h1>\n<p>Das F\u00e4hndelschwenken hat im Kripper Junggesellenverein eine lange Tradition. Es wurde 1907 anl\u00e4\u00dflich des goldenen Stiftungsfestes eingef\u00fchrt und konnte bis heute bewahrt werden. An Festz\u00fcgen, beim Wecken und anderen Anl\u00e4ssen wurde und wird zu Ehren der Kripper B\u00fcrger, des Pastors, des Ortsvorstehers und verdienter Vereinsmitglieder geschwenkt. Kripper F\u00e4hnriche besuchten und besuchen die Feste unserer Nachbarvereine und konnten inder Vergangenheit bereits so manche Meisterschaft und so manchen Pokal erringen. Weithin bekannt wurden die Kripper F\u00e4hnriche nach der Neugr\u00fcndung 1948 durch ihr perfektes Doppelschwenken. Bei Wettstreiten und beim \u00dcben wurde so manche Fahne redlich verschlissen. So wei\u00df die Vereinschronik denn auch zu berichten, dass in den Jahren 1926, 1950 und 1982 jeweils eine neue Schwenkfahne geweiht wurde. Der Verein war stets um F\u00e4hnrich-Nachwuchs bem\u00fcht. Es gelang, mit einigen Unterbrechungen, bis zum heutigen Tage diese im Rheinland \u00fcbliche Tradition aufrechtzuerhalten.<\/p>\n<div id='gallery-1' class='gallery galleryid-108 gallery-columns-2 gallery-size-medium'><figure class='gallery-item'>\n\t\t\t<div class='gallery-icon landscape'>\n\t\t\t\t<a href='https:\/\/jgv-kripp.de\/wp-content\/uploads\/2018\/06\/faehndelschwenken1.jpg'><img loading=\"lazy\" decoding=\"async\" width=\"300\" height=\"183\" src=\"https:\/\/jgv-kripp.de\/wp-content\/uploads\/2018\/06\/faehndelschwenken1-300x183.jpg\" class=\"attachment-medium size-medium\" alt=\"\" srcset=\"https:\/\/jgv-kripp.de\/wp-content\/uploads\/2018\/06\/faehndelschwenken1-300x183.jpg 300w, https:\/\/jgv-kripp.de\/wp-content\/uploads\/2018\/06\/faehndelschwenken1.jpg 418w\" sizes=\"auto, (max-width: 300px) 100vw, 300px\" \/><\/a>\n\t\t\t<\/div><\/figure><figure class='gallery-item'>\n\t\t\t<div class='gallery-icon landscape'>\n\t\t\t\t<a href='https:\/\/jgv-kripp.de\/wp-content\/uploads\/2018\/06\/faehndelschwenken2.jpg'><img loading=\"lazy\" decoding=\"async\" width=\"300\" height=\"232\" src=\"https:\/\/jgv-kripp.de\/wp-content\/uploads\/2018\/06\/faehndelschwenken2-300x232.jpg\" class=\"attachment-medium size-medium\" alt=\"\" srcset=\"https:\/\/jgv-kripp.de\/wp-content\/uploads\/2018\/06\/faehndelschwenken2-300x232.jpg 300w, https:\/\/jgv-kripp.de\/wp-content\/uploads\/2018\/06\/faehndelschwenken2.jpg 330w\" sizes=\"auto, (max-width: 300px) 100vw, 300px\" \/><\/a>\n\t\t\t<\/div><\/figure><figure class='gallery-item'>\n\t\t\t<div class='gallery-icon landscape'>\n\t\t\t\t<a href='https:\/\/jgv-kripp.de\/wp-content\/uploads\/2018\/06\/faehndelschwenken3.jpg'><img loading=\"lazy\" decoding=\"async\" width=\"300\" height=\"232\" src=\"https:\/\/jgv-kripp.de\/wp-content\/uploads\/2018\/06\/faehndelschwenken3-300x232.jpg\" class=\"attachment-medium size-medium\" alt=\"\" srcset=\"https:\/\/jgv-kripp.de\/wp-content\/uploads\/2018\/06\/faehndelschwenken3-300x232.jpg 300w, https:\/\/jgv-kripp.de\/wp-content\/uploads\/2018\/06\/faehndelschwenken3.jpg 330w\" sizes=\"auto, (max-width: 300px) 100vw, 300px\" \/><\/a>\n\t\t\t<\/div><\/figure><figure class='gallery-item'>\n\t\t\t<div class='gallery-icon landscape'>\n\t\t\t\t<a href='https:\/\/jgv-kripp.de\/wp-content\/uploads\/2018\/06\/faehndelschwenken4.jpg'><img loading=\"lazy\" decoding=\"async\" width=\"300\" height=\"232\" src=\"https:\/\/jgv-kripp.de\/wp-content\/uploads\/2018\/06\/faehndelschwenken4-300x232.jpg\" class=\"attachment-medium size-medium\" alt=\"\" srcset=\"https:\/\/jgv-kripp.de\/wp-content\/uploads\/2018\/06\/faehndelschwenken4-300x232.jpg 300w, https:\/\/jgv-kripp.de\/wp-content\/uploads\/2018\/06\/faehndelschwenken4.jpg 330w\" sizes=\"auto, (max-width: 300px) 100vw, 300px\" \/><\/a>\n\t\t\t<\/div><\/figure>\n\t\t<\/div>\n\n","protected":false},"excerpt":{"rendered":"<p>F\u00e4hndelschwenken Das F\u00e4hndelschwenken hat im Kripper Junggesellenverein eine lange Tradition. Es wurde 1907 anl\u00e4\u00dflich des goldenen Stiftungsfestes eingef\u00fchrt und konnte bis heute bewahrt werden. An Festz\u00fcgen, beim Wecken und anderen Anl\u00e4ssen wurde und wird zu Ehren der Kripper B\u00fcrger, des Pastors, des Ortsvorstehers und verdienter Vereinsmitglieder geschwenkt. Kripper F\u00e4hnriche besuchten und besuchen die Feste unserer Nachbarvereine und konnten inder Vergangenheit bereits so manche Meisterschaft und so manchen Pokal erringen. Weithin bekannt wurden die Kripper F\u00e4hnriche&hellip; <\/p>\n","protected":false},"author":1,"featured_media":0,"parent":0,"menu_order":0,"comment_status":"closed","ping_status":"closed","template":"","meta":{"footnotes":""},"class_list":["post-108","page","type-page","status-publish","hentry"],"_links":{"self":[{"href":"https:\/\/jgv-kripp.de\/index.php?rest_route=\/wp\/v2\/pages\/108","targetHints":{"allow":["GET"]}}],"collection":[{"href":"https:\/\/jgv-kripp.de\/index.php?rest_route=\/wp\/v2\/pages"}],"about":[{"href":"https:\/\/jgv-kripp.de\/index.php?rest_route=\/wp\/v2\/types\/page"}],"author":[{"embeddable":true,"href":"https:\/\/jgv-kripp.de\/index.php?rest_route=\/wp\/v2\/users\/1"}],"replies":[{"embeddable":true,"href":"https:\/\/jgv-kripp.de\/index.php?rest_route=%2Fwp%2Fv2%2Fcomments&post=108"}],"version-history":[{"count":6,"href":"https:\/\/jgv-kripp.de\/index.php?rest_route=\/wp\/v2\/pages\/108\/revisions"}],"predecessor-version":[{"id":680,"href":"https:\/\/jgv-kripp.de\/index.php?rest_route=\/wp\/v2\/pages\/108\/revisions\/680"}],"wp:attachment":[{"href":"https:\/\/jgv-kripp.de\/index.php?rest_route=%2Fwp%2Fv2%2Fmedia&parent=108"}],"curies":[{"name":"wp","href":"https:\/\/api.w.org\/{rel}","templated":true}]}}