{"id":30,"date":"2018-06-24T14:59:23","date_gmt":"2018-06-24T14:59:23","guid":{"rendered":"http:\/\/jgv-kripp.de\/?page_id=30"},"modified":"2026-04-10T11:51:16","modified_gmt":"2026-04-10T11:51:16","slug":"startseite","status":"publish","type":"page","link":"https:\/\/jgv-kripp.de\/","title":{"rendered":"Startseite"},"content":{"rendered":"\n<h1 class=\"wp-block-heading\">Herzlich Willkommen bei den Kripper Junggesellen <\/h1>\n\n\n\n<div id=\"start_verein_beschreibung\" style=\"text-align: left;\">Seit \u00fcber 165 Jahren ist der Junggesellenverein Freundschaftsbund fest im Kripper Ortsleben verankert. Unter Leitung des ersten Vorsitzenden und mit unserem Pr\u00e4ses, haben wir uns die Wahrung alter Traditionen auf unsere Fahnen geschrieben.<\/div>\n\n\n\n<h2 class=\"wp-block-heading has-text-align-center\" style=\"background-color:#cf2e2e; color:white; padding:20px;\">\nRund um den Maibaum &#8211; Maiabend 2026<br>\n30.04.2026 ab 18.00 Uhr in der Dorfmitte Kripp\n<\/h2>\n\n\n\n<hr class=\"wp-block-separator has-alpha-channel-opacity\"\/>\n\n\n\n<h2 class=\"wp-block-heading has-text-align-center has-luminous-vivid-orange-color has-text-color\">Kirmes in Kripp 15. &#8211; 18. Mai 2026<\/h2>\n\n\n\n<div class=\"wp-block-columns is-layout-flex wp-container-core-columns-is-layout-1 wp-block-columns-is-layout-flex\">\n<div class=\"wp-block-column is-layout-flow wp-block-column-is-layout-flow\">\n<div style=\"background:#f5f5f5; padding:20px; text-align:center; border-radius:12px;\">\n  <img decoding=\"async\" src=\"https:\/\/jgv-kripp.de\/wp-content\/uploads\/2026\/04\/WhatsApp-Image-2026-04-10-at-07.43.502-724x1024.jpeg\" \n       alt=\"\" \n       style=\"max-width:100%; border-radius:8px; box-shadow:0 10px 25px rgba(0,0,0,0.2);\"\/>\n<\/div>\n<\/div>\n\n\n\n<div class=\"wp-block-column is-layout-flow wp-block-column-is-layout-flow\">\n<div style=\"background:#f5f5f5; padding:20px; text-align:center; border-radius:12px;\">\n  <img decoding=\"async\" src=\"https:\/\/jgv-kripp.de\/wp-content\/uploads\/2026\/04\/WhatsApp-Image-2026-04-10-at-07.43.50-724x1024.jpeg\" \n       alt=\"\" \n       style=\"max-width:100%; border-radius:8px; box-shadow:0 10px 25px rgba(0,0,0,0.2);\"\/>\n<\/div>\n<\/div>\n<\/div>\n\n\n\n<div class=\"wp-block-columns is-layout-flex wp-container-core-columns-is-layout-3 wp-block-columns-is-layout-flex\">\n<div class=\"wp-block-column is-layout-flow wp-block-column-is-layout-flow\" style=\"flex-basis:100%\">\n<div class=\"wp-block-columns is-layout-flex wp-container-core-columns-is-layout-2 wp-block-columns-is-layout-flex\">\n<div class=\"wp-block-column is-layout-flow wp-block-column-is-layout-flow\" style=\"flex-basis:100%\"><\/div>\n<\/div>\n\n\n\n<div style=\"background:#f5f5f5; padding:20px; text-align:center; border-radius:12px;\">\n  <img decoding=\"async\" src=\"https:\/\/jgv-kripp.de\/wp-content\/uploads\/2026\/04\/WhatsApp-Image-2026-04-10-at-07.43.501-724x1024.jpeg\" \n       alt=\"\" \n       style=\"max-width:100%; border-radius:8px; box-shadow:0 10px 25px rgba(0,0,0,0.2);\"\/>\n<\/div>\n<\/div>\n<\/div>\n\n\n\n<div><hr><\/div>\n\n\n\n<p><\/p>\n\n\n<style><\/style><div class=\"wplp_outside wplp_widget_259\" style=\"\"><span class=\"wpcu_block_title\"><\/span><div id=\"wplp_widget_259\" class=\"wplp_widget_default wplp_container vertical swiper wplp-swiper default cols1\" data-theme=\"default\" data-post=\"259\" style=\"\" data-max-elts=\"2\" data-per-page=\"10\"><div class=\"wplp_listposts swiper-wrapper\" id=\"default_259\" style=\"width: 100%;\" ><div class=\"swiper-slide\" style=\"\"><div class=\"insideframe\"><div id=\"wplp_box_top_259_1478\" class=\"wpcu-front-box top equalHeightImg\" ><div class=\"wplp-box-item\"><\/div><\/div><div id=\"wplp_box_left_259_1478\" class=\"wpcu-front-box left wpcu-custom-position\" style=\"width: 20%\"><div class=\"wplp-box-item\"><a href=\"https:\/\/jgv-kripp.de\/?p=1478\"  class=\"thumbnail\"><span class=\"img_cropper\" style=\"margin-top:2px;margin-right:4px;margin-bottom:24px;margin-left:2px;max-width:100%;\"><img decoding=\"async\" src=\"https:\/\/jgv-kripp.de\/wp-content\/uploads\/2018\/09\/20171114_191329-300x225.jpg\" style=\"aspect-ratio:4\/3;\" srcset=\"\" alt=\"Martinsfest 2025\" class=\"swiper-lazy wplp_thumb\" \/><div class=\"swiper-lazy-preloader\"><\/div><\/span><\/a><\/div><\/div><div id=\"wplp_box_right_259_1478\" class=\"wpcu-front-box right wpcu-custom-position\" style=\"width: 80%\"><div class=\"wplp-box-item\"><a href=\"https:\/\/jgv-kripp.de\/?p=1478\"  class=\"title\">Martinsfest 2025<\/a><span class=\"date\">November 1, 2025<\/span><span class=\"text\"><span style=\"max-height:2.8em\" class=\"line_limit\">Die Mitglieder des Martinsausschusses des Junggesellenvereins \u201eFreundschaftsbund\u201cKripp e.V. sind derzeit mit den Vorbereitungen f\u00fcr das Martinsfest 2025besch\u00e4ftigt. Der H\u00f6hepunkt des Festes wird am Mittwoch &nbsp;, den 12.11.2025 gefeiert. Dies ist derMartinsumzug, der um 18.00 Uhr an der Grundschule startet.Der farbenfrohe Fackelumzug wird von der Grundschule (Im Maar) aus folgenden Zugwegnehmen: Malusgarten, Baumschulenweg, Mittelstr., Quellenstr., Ahrstr.,Badenacker , Zum Ahrtal (Feuerstelle) und dann \u00fcber die R\u00f6merstr. zumFeuerwehrhaus. Die Anwohner des Zugwegs werden freundlich gebeten ihre H\u00e4userzu schm\u00fccken,&hellip;<\/span><span style=\"margin-left:3px; max-height:2.8em\" class=\"line_limit\"> [...]<\/span><\/span><span class=\"custom_fields\">\n<!-- WPLP Unknown field: Custom_Fields -->\n<\/span><a href=\"https:\/\/jgv-kripp.de\/?p=1478\"  class=\"read-more\">Weiterlesen...<\/a><\/div><\/div><div id=\"wplp_box_bottom_259_1478\" class=\"wpcu-front-box bottom \" ><div class=\"wplp-box-item\"><\/div><\/div><\/div><\/div><div class=\"swiper-slide\" style=\"\"><div class=\"insideframe\"><div id=\"wplp_box_top_259_1464\" class=\"wpcu-front-box top equalHeightImg\" ><div class=\"wplp-box-item\"><\/div><\/div><div id=\"wplp_box_left_259_1464\" class=\"wpcu-front-box left wpcu-custom-position\" style=\"width: 20%\"><div class=\"wplp-box-item\"><a href=\"https:\/\/jgv-kripp.de\/?p=1464\"  class=\"thumbnail\"><span class=\"img_cropper\" style=\"margin-top:2px;margin-right:4px;margin-bottom:24px;margin-left:2px;max-width:100%;\"><img decoding=\"async\" src=\"https:\/\/jgv-kripp.de\/wp-content\/uploads\/2025\/04\/Koenig-300x225.jpg\" style=\"aspect-ratio:4\/3;\" srcset=\"\" alt=\"Unser neuer K\u00f6nig Christian!\" class=\"swiper-lazy wplp_thumb\" \/><div class=\"swiper-lazy-preloader\"><\/div><\/span><\/a><\/div><\/div><div id=\"wplp_box_right_259_1464\" class=\"wpcu-front-box right wpcu-custom-position\" style=\"width: 80%\"><div class=\"wplp-box-item\"><a href=\"https:\/\/jgv-kripp.de\/?p=1464\"  class=\"title\">Unser neuer K\u00f6nig Christian!<\/a><span class=\"date\">April 23, 2025<\/span><span class=\"text\"><span style=\"max-height:2.8em\" class=\"line_limit\">Am Ostermontag, dem 21. April, veranstalteten die Kripper Junggesellen bei bestem Fr\u00fchlingswetter ihr traditionelles K\u00f6nigsschie\u00dfen auf dem Sch\u00fctzenplatz in Kripp. Zahlreiche Mitglieder und G\u00e4ste waren der Einladung gefolgt, um gemeinsam einen Tag im Zeichen von Brauchtum und Geselligkeit zu verbringen. Bereits am Morgen um 8.30 Uhr versammelten sich die Junggesellen, um im Festzug den amtierenden K\u00f6nig Tim Weber abzuholen. Nach einem herzlichen Empfang mit Umtrunk und Fr\u00fchst\u00fcck ging es anschlie\u00dfend gemeinsam zum Friedhof, wo den&hellip;<\/span><span style=\"margin-left:3px; max-height:2.8em\" class=\"line_limit\"> [...]<\/span><\/span><span class=\"custom_fields\">\n<!-- WPLP Unknown field: Custom_Fields -->\n<\/span><a href=\"https:\/\/jgv-kripp.de\/?p=1464\"  class=\"read-more\">Weiterlesen...<\/a><\/div><\/div><div id=\"wplp_box_bottom_259_1464\" class=\"wpcu-front-box bottom \" ><div class=\"wplp-box-item\"><\/div><\/div><\/div><\/div><\/div><div class=\"swiper-button-next\"><\/div><div class=\"swiper-button-prev\"><\/div><div class=\"swiper-pagination\"><\/div><\/div><\/div>\n\n\n\n<div class=\"wp-block-columns is-layout-flex wp-container-core-columns-is-layout-4 wp-block-columns-is-layout-flex\">\n<div class=\"wp-block-column is-layout-flow wp-block-column-is-layout-flow\" style=\"flex-basis:100%\"><\/div>\n<\/div>\n","protected":false},"excerpt":{"rendered":"<p>Herzlich Willkommen bei den Kripper Junggesellen Seit \u00fcber 165 Jahren ist der Junggesellenverein Freundschaftsbund fest im Kripper Ortsleben verankert. Unter Leitung des ersten Vorsitzenden und mit unserem Pr\u00e4ses, haben wir uns die Wahrung alter Traditionen auf unsere Fahnen geschrieben. Rund um den Maibaum &#8211; Maiabend 2026 30.04.2026 ab 18.00 Uhr in der Dorfmitte Kripp Kirmes in Kripp 15. &#8211; 18. Mai 2026<\/p>\n","protected":false},"author":1,"featured_media":0,"parent":0,"menu_order":0,"comment_status":"closed","ping_status":"closed","template":"","meta":{"footnotes":""},"class_list":["post-30","page","type-page","status-publish","hentry"],"_links":{"self":[{"href":"https:\/\/jgv-kripp.de\/index.php?rest_route=\/wp\/v2\/pages\/30","targetHints":{"allow":["GET"]}}],"collection":[{"href":"https:\/\/jgv-kripp.de\/index.php?rest_route=\/wp\/v2\/pages"}],"about":[{"href":"https:\/\/jgv-kripp.de\/index.php?rest_route=\/wp\/v2\/types\/page"}],"author":[{"embeddable":true,"href":"https:\/\/jgv-kripp.de\/index.php?rest_route=\/wp\/v2\/users\/1"}],"replies":[{"embeddable":true,"href":"https:\/\/jgv-kripp.de\/index.php?rest_route=%2Fwp%2Fv2%2Fcomments&post=30"}],"version-history":[{"count":178,"href":"https:\/\/jgv-kripp.de\/index.php?rest_route=\/wp\/v2\/pages\/30\/revisions"}],"predecessor-version":[{"id":1518,"href":"https:\/\/jgv-kripp.de\/index.php?rest_route=\/wp\/v2\/pages\/30\/revisions\/1518"}],"wp:attachment":[{"href":"https:\/\/jgv-kripp.de\/index.php?rest_route=%2Fwp%2Fv2%2Fmedia&parent=30"}],"curies":[{"name":"wp","href":"https:\/\/api.w.org\/{rel}","templated":true}]}}