{"id":658,"date":"2019-01-08T08:00:08","date_gmt":"2019-01-08T08:00:08","guid":{"rendered":"https:\/\/jgv-kripp.de\/?page_id=658"},"modified":"2024-02-19T07:47:34","modified_gmt":"2024-02-19T07:47:34","slug":"kartenvorverkauf-fuer-die-lausbuba","status":"publish","type":"page","link":"https:\/\/jgv-kripp.de\/?page_id=658","title":{"rendered":"Kartenvorverkauf f\u00fcr Kirmessamstag"},"content":{"rendered":"\n<h1 class=\"wp-block-heading has-text-align-center has-white-color has-luminous-vivid-orange-background-color has-text-color has-background has-medium-font-size\">Kartenbestellung \u00fcber Eventim<\/h1>\n\n\n\n<div style=\"padding: 0;\"><iframe id=\"eventim-light-iframe-v2-65d083dad94c3516fff173d6-event-65d083dad94c3516fff173d6\" src=\"https:\/\/www.eventim-light.com\/de\/a\/64457049c716d85353649fcd\/iframe\/e\/65d083dad94c3516fff173d6\/\" width=\"100%\" data-scroll=\"true\" data-scroll-offset-y=\"0\" scrolling=\"no\" frameborder=\"0\" name=\"eventim-light-iframe-v2-65d083dad94c3516fff173d6-event-65d083dad94c3516fff173d6\"><\/iframe><script type=\"text\/javascript\" src=\"https:\/\/www.eventim-light.com\/de\/a\/64457049c716d85353649fcd\/public\/iframe\/el-shop.js\"><\/script><\/div>\n\n\n\n<h1 class=\"wp-block-heading has-text-align-center has-white-color has-luminous-vivid-orange-background-color has-text-color has-background has-medium-font-size\">Kontaktformular zur Kartenbestellung<\/h1>\n\n\n\n<div class=\"wp-block-columns is-layout-flex wp-container-core-columns-is-layout-9d6595d7 wp-block-columns-is-layout-flex\">\n<div class=\"wp-block-column is-layout-flow wp-block-column-is-layout-flow\">\n<p>\u00dcber das Kontaktformular teilen Sie uns Ihren Kartenwunsch mit. Sie erhalten von uns per E-Mail eine Empfangsbest\u00e4tigung, mit der wir Ihnen gleichzeitig eine Bankverbindung und unsere Paypal-Adresse mitteilen(Bitte schauen Sie ggf. in ihrem Spam-Ordner nach). Nachdem der Betrag auf einem unserer Konten gutgeschrieben wurde, erhalten Sie die von Ihnen gew\u00fcnschten Karten auf dem Postweg.<\/p>\n\n\n\n<p class=\"has-luminous-vivid-orange-color has-text-color\"><mark style=\"background-color:rgba(0, 0, 0, 0)\" class=\"has-inline-color has-luminous-vivid-orange-color\">Vorverkaufspreis:  8,-\u20ac<\/mark><br>Abendkasse: 10,-\u20ac<\/p>\n\n\n\n<p class=\"has-black-color has-text-color\">Zahlungsm\u00f6glichkeiten:<\/p>\n\n\n\n<ul class=\"wp-block-list\">\n<li>\u00dcberweisung<\/li>\n\n\n\n<li>Paypal<br><\/li>\n<\/ul>\n\n\n\n<p><\/p>\n\n\n\n<p><mark style=\"background-color:rgba(0, 0, 0, 0)\" class=\"has-inline-color has-luminous-vivid-orange-color\"><br><\/mark><\/p>\n\n\n\n<div class=\"wpcf7 no-js\" id=\"wpcf7-f562-o1\" lang=\"de-DE\" dir=\"ltr\" data-wpcf7-id=\"562\">\n<div class=\"screen-reader-response\"><p role=\"status\" aria-live=\"polite\" aria-atomic=\"true\"><\/p> <ul><\/ul><\/div>\n<form action=\"\/index.php?rest_route=%2Fwp%2Fv2%2Fpages%2F658#wpcf7-f562-o1\" method=\"post\" class=\"wpcf7-form init\" aria-label=\"Kontaktformular\" novalidate=\"novalidate\" data-status=\"init\">\n<fieldset class=\"hidden-fields-container\"><input type=\"hidden\" name=\"_wpcf7\" value=\"562\" \/><input type=\"hidden\" name=\"_wpcf7_version\" value=\"6.1.5\" \/><input type=\"hidden\" name=\"_wpcf7_locale\" value=\"de_DE\" \/><input type=\"hidden\" name=\"_wpcf7_unit_tag\" value=\"wpcf7-f562-o1\" \/><input type=\"hidden\" name=\"_wpcf7_container_post\" value=\"0\" \/><input type=\"hidden\" name=\"_wpcf7_posted_data_hash\" value=\"\" \/>\n<\/fieldset>\n<p><label> Ihr Name<span style=\"color:#ff0000;\">*<\/span><br \/>\n<span class=\"wpcf7-form-control-wrap\" data-name=\"der-name\"><input size=\"40\" maxlength=\"400\" class=\"wpcf7-form-control wpcf7-text wpcf7-validates-as-required\" aria-required=\"true\" aria-invalid=\"false\" value=\"\" type=\"text\" name=\"der-name\" \/><\/span> <\/label>\n<\/p>\n<p><label> Ihre Stra\u00dfe<span style=\"color:#ff0000;\">*<\/span><br \/>\n<span class=\"wpcf7-form-control-wrap\" data-name=\"strasse\"><input size=\"40\" maxlength=\"400\" class=\"wpcf7-form-control wpcf7-text wpcf7-validates-as-required\" aria-required=\"true\" aria-invalid=\"false\" value=\"\" type=\"text\" name=\"strasse\" \/><\/span> <\/label>\n<\/p>\n<p><label> PLZ \/ Ort<span style=\"color:#ff0000;\">*<\/span><br \/>\n<span class=\"wpcf7-form-control-wrap\" data-name=\"plz-ort\"><input size=\"40\" maxlength=\"400\" class=\"wpcf7-form-control wpcf7-text wpcf7-validates-as-required\" aria-required=\"true\" aria-invalid=\"false\" value=\"\" type=\"text\" name=\"plz-ort\" \/><\/span> <\/label>\n<\/p>\n<p><label> Ihre Telefonnummer<span style=\"color:#ff0000;\">*<\/span><br \/>\n<span class=\"wpcf7-form-control-wrap\" data-name=\"telefonnummer\"><input size=\"40\" maxlength=\"400\" class=\"wpcf7-form-control wpcf7-text wpcf7-validates-as-required\" aria-required=\"true\" aria-invalid=\"false\" value=\"\" type=\"text\" name=\"telefonnummer\" \/><\/span> <\/label>\n<\/p>\n<p><label> E-Mail-Adresse<span style=\"color:#ff0000;\">*<\/span><br \/>\n<span class=\"wpcf7-form-control-wrap\" data-name=\"email\"><input size=\"40\" maxlength=\"400\" class=\"wpcf7-form-control wpcf7-email wpcf7-validates-as-required wpcf7-text wpcf7-validates-as-email\" aria-required=\"true\" aria-invalid=\"false\" value=\"\" type=\"email\" name=\"email\" \/><\/span> <\/label>\n<\/p>\n<p><span class=\"wpcf7-form-control-wrap\" data-name=\"Kartenanzahl\"><select class=\"wpcf7-form-control wpcf7-select wpcf7-validates-as-required\" id=\"karten\" aria-required=\"true\" aria-invalid=\"false\" name=\"Kartenanzahl\"><option value=\"1 Karte         8\u20ac\">1 Karte         8\u20ac<\/option><option value=\"2 Karten    16\u20ac\">2 Karten    16\u20ac<\/option><option value=\"3 Karten    24\u20ac\">3 Karten    24\u20ac<\/option><option value=\"4 Karten    32\u20ac\">4 Karten    32\u20ac<\/option><option value=\"5 Karten    40\u20ac\">5 Karten    40\u20ac<\/option><option value=\"6 Karten    48\u20ac\">6 Karten    48\u20ac<\/option><option value=\"7 Karten    56\u20ac\">7 Karten    56\u20ac<\/option><option value=\"8 Karten    64\u20ac\">8 Karten    64\u20ac<\/option><option value=\"9 Karten    72\u20ac\">9 Karten    72\u20ac<\/option><option value=\"10 Karten    80\u20ac\">10 Karten    80\u20ac<\/option><option value=\"11 Karten    88\u20ac\">11 Karten    88\u20ac<\/option><option value=\"12 Karten    96\u20ac\">12 Karten    96\u20ac<\/option><option value=\"13 Karten    104\u20ac\">13 Karten    104\u20ac<\/option><option value=\"14 Karten    112\u20ac\">14 Karten    112\u20ac<\/option><option value=\"15 Karten    120\u20ac\">15 Karten    120\u20ac<\/option><option value=\"16 Karten    128\u20ac\">16 Karten    128\u20ac<\/option><option value=\"17 Karten    136\u20ac\">17 Karten    136\u20ac<\/option><option value=\"18 Karten    144\u20ac\">18 Karten    144\u20ac<\/option><option value=\"19 Karten    152\u20ac\">19 Karten    152\u20ac<\/option><option value=\"20 Karten    160\u20ac\">20 Karten    160\u20ac<\/option><\/select><\/span>\n<\/p>\n<p><label> Bemerkungen<br \/>\n<span class=\"wpcf7-form-control-wrap\" data-name=\"bemerkungen\"><textarea cols=\"40\" rows=\"10\" maxlength=\"2000\" class=\"wpcf7-form-control wpcf7-textarea\" aria-invalid=\"false\" name=\"bemerkungen\"><\/textarea><\/span> <\/label>\n<\/p>\n<p><span class=\"wpcf7-form-control-wrap\" data-name=\"optin\"><span class=\"wpcf7-form-control wpcf7-acceptance\"><span class=\"wpcf7-list-item\"><input type=\"checkbox\" name=\"optin\" value=\"1\" aria-invalid=\"false\" \/><\/span><\/span><\/span> Ich stimme zu, dass meine Angaben aus dem Kontaktformular zur Beantwortung meiner Anfrage erhoben und verarbeitet werden. Hinweis: Sie k\u00f6nnen Ihre Einwilligung jederzeit f\u00fcr die Zukunft per E-Mail an info@jgv-kripp.de widerrufen. Detaillierte Informationen zum Umgang mit Nutzerdaten finden Sie in unserer <a target=\"_blank\" href=\"\/?page_id=27\">Datenschutzerkl\u00e4rung<\/a>.\n<\/p>\n<p><input class=\"wpcf7-form-control wpcf7-submit has-spinner\" type=\"submit\" value=\"Senden\" \/><input type=\"reset\" value=\"Zur\u00fccksetzen\" \/>\n<\/p>\n<p><span style=\"color:#ff0000;\">*<\/span> = Pflichtfeld\n<\/p><div class=\"wpcf7-response-output\" aria-hidden=\"true\"><\/div>\n<\/form>\n<\/div>\n\n\n\n\n<p><\/p>\n<\/div>\n<\/div>\n","protected":false},"excerpt":{"rendered":"<p>Kartenbestellung \u00fcber Eventim Kontaktformular zur Kartenbestellung \u00dcber das Kontaktformular teilen Sie uns Ihren Kartenwunsch mit. Sie erhalten von uns per E-Mail eine Empfangsbest\u00e4tigung, mit der wir Ihnen gleichzeitig eine Bankverbindung und unsere Paypal-Adresse mitteilen(Bitte schauen Sie ggf. in ihrem Spam-Ordner nach). Nachdem der Betrag auf einem unserer Konten gutgeschrieben wurde, erhalten Sie die von Ihnen gew\u00fcnschten Karten auf dem Postweg. Vorverkaufspreis: 8,-\u20acAbendkasse: 10,-\u20ac Zahlungsm\u00f6glichkeiten:<\/p>\n","protected":false},"author":1,"featured_media":0,"parent":0,"menu_order":0,"comment_status":"closed","ping_status":"closed","template":"","meta":{"footnotes":""},"class_list":["post-658","page","type-page","status-publish","hentry"],"_links":{"self":[{"href":"https:\/\/jgv-kripp.de\/index.php?rest_route=\/wp\/v2\/pages\/658","targetHints":{"allow":["GET"]}}],"collection":[{"href":"https:\/\/jgv-kripp.de\/index.php?rest_route=\/wp\/v2\/pages"}],"about":[{"href":"https:\/\/jgv-kripp.de\/index.php?rest_route=\/wp\/v2\/types\/page"}],"author":[{"embeddable":true,"href":"https:\/\/jgv-kripp.de\/index.php?rest_route=\/wp\/v2\/users\/1"}],"replies":[{"embeddable":true,"href":"https:\/\/jgv-kripp.de\/index.php?rest_route=%2Fwp%2Fv2%2Fcomments&post=658"}],"version-history":[{"count":38,"href":"https:\/\/jgv-kripp.de\/index.php?rest_route=\/wp\/v2\/pages\/658\/revisions"}],"predecessor-version":[{"id":1401,"href":"https:\/\/jgv-kripp.de\/index.php?rest_route=\/wp\/v2\/pages\/658\/revisions\/1401"}],"wp:attachment":[{"href":"https:\/\/jgv-kripp.de\/index.php?rest_route=%2Fwp%2Fv2%2Fmedia&parent=658"}],"curies":[{"name":"wp","href":"https:\/\/api.w.org\/{rel}","templated":true}]}}